


{"id":346,"date":"2016-08-17T16:58:11","date_gmt":"2016-08-17T14:58:11","guid":{"rendered":"http:\/\/www.lrf.fr\/?page_id=346"},"modified":"2019-06-05T09:25:22","modified_gmt":"2019-06-05T07:25:22","slug":"participation-a-conference-france","status":"publish","type":"page","link":"https:\/\/www.lrf.fr\/fr\/activites\/participation-a-des-salons-et-conferences-en-france\/","title":{"rendered":"Participation \u00e0 des salons et conf\u00e9rences en France"},"content":{"rendered":"<p><meta name=\"description\" content=\"PARTICIPATION \u00c0 DES SALONS ET CONF\u00c9RENCES EN FRANCE. VOUS \u00caTES EXPOSANT SUR UN SALON EN FRANCE\"><br \/>\n                    <\/div>\r\n            \r\n        <section class=\"gravity-section\" style=\"height:autopx;\">\r\n                                <div class=\"gravity-section-background\"  style=\"background-color: #dd9933;\">\r\n                    <\/div>\r\n            \r\n    <div class=\"gravity-section-content\"><p><img loading=\"lazy\" decoding=\"async\" class=\"aligncenter wp-image-116\" src=\"http:\/\/www.lrf.fr\/wp-content\/uploads\/2016\/08\/Participation-a-une-conference-en-fr_Act.jpg\" alt=\"Participation a une conference en fr_Act\" width=\"1200\" height=\"433\" srcset=\"https:\/\/www.lrf.fr\/wp-content\/uploads\/2016\/08\/Participation-a-une-conference-en-fr_Act.jpg 1029w, https:\/\/www.lrf.fr\/wp-content\/uploads\/2016\/08\/Participation-a-une-conference-en-fr_Act-300x108.jpg 300w, https:\/\/www.lrf.fr\/wp-content\/uploads\/2016\/08\/Participation-a-une-conference-en-fr_Act-768x277.jpg 768w\" sizes=\"auto, (max-width: 1200px) 100vw, 1200px\" \/><\/p>\n<\/div>\n                            \r\n        <\/section><!-- .gravity-section -->\r\n                    <div class=\"container\">\r\n                \r\n    \n                    <\/div>\r\n            \r\n        <section class=\"gravity-section\" style=\"padding-top:70px;padding-bottom:20px;\">\r\n                                <div class=\"gravity-section-background\" data-stellar-ratio=\"0.5\" style=\"background-image: url(http:\/\/www.lrf.fr\/wp-content\/uploads\/2016\/08\/livre-lunette.png);background-color: #ffffff;\">\r\n                    <\/div>\r\n            \r\n    <div class=\"gravity-section-content\"><div class=\"container\"><h4 style=\"text-align: left;\"><strong>Vous \u00eates exposant sur un salon en France<\/strong><\/h4>\n<p>&nbsp;<\/p>\n<h5 style=\"text-align: left;\"><span style=\"color: #999999;\"><strong>pouvez-vous obtenir le remboursement de la TVA facturee sur les depenses engagees en France pour la participation au saloN ?<\/strong><\/span><\/h5>\n<hr class=\"\" style=\"width:5%;margin-left:0;\">\n<p style=\"text-align: left;\"><strong>D\u00e9penses pour lesquelles la TVA est r\u00e9cup\u00e9rable :<\/strong><\/p>\n<ul>\n<li style=\"text-align: left;\">Location du stand,<\/li>\n<li style=\"text-align: left;\">Importations de biens,<\/li>\n<li style=\"text-align: left;\">Parkings, gardiennage-s\u00e9curit\u00e9,<\/li>\n<li style=\"text-align: left;\">Frais d\u2019h\u00e9bergement des invit\u00e9s (mais pas du personnel),<\/li>\n<li style=\"text-align: left;\">Frais de repas d\u2019affaires pour les invit\u00e9s et le personnel.<\/li>\n<\/ul>\n<p style=\"text-align: left;\">Certaines d\u00e9penses sont exclues par nature du droit \u00e0 d\u00e9duction,\u00a0m\u00eame si elles ont un caract\u00e8re professionnel :<\/p>\n<ul>\n<li style=\"text-align: left;\">Frais de transport de personnes, de location de voiture,<\/li>\n<li style=\"text-align: left;\">Frais d\u2019h\u00e9bergement du personnel\u00a0et frais de nourriture s\u2019ils ne sont pas en rapport avec un repas d\u2019affaires.<\/li>\n<\/ul>\n<p style=\"text-align: left;\">Votre soci\u00e9t\u00e9 peut :<\/p>\n<ul>\n<li style=\"text-align: left;\">Soit demander le remboursement de la TVA si elle n&rsquo;est pas tenue d&rsquo;\u00eatre immatricul\u00e9e \u00e0 la TVA en France,<\/li>\n<\/ul>\n<p style=\"text-align: left;\"><a href=\"\/nos-services\/demandes-de-remboursement-de-tva\/\" class=\"btn btn-mediumgrey btn-small\">En savoir plus<\/a>\n<ul>\n<li style=\"text-align: left;\">Soit, si elle est immatricul\u00e9e \u00e0 la TVA en France, d\u00e9duire la TVA sur ses achats de la TVA collect\u00e9e sur ses ventes ou demander le remboursement du solde cr\u00e9diteur de TVA.<\/li>\n<\/ul>\n<p style=\"text-align: left;\"><a href=\"\/nos-services\/demande-dimmatriculation-a-tva-france\/\" class=\"btn btn-mediumgrey btn-small\">En savoir plus<\/a>\n<h6><\/h6>\n<h5><\/h5>\n<h5 style=\"margin-top: 50px;\"><span style=\"color: #999999;\"><strong>Devez-vous facturer avec TVA les ventes que vous effectuez au cours du salon ?<\/strong><\/span><\/h5>\n<hr class=\"\" style=\"width:5%;margin-left:0;\">\n<p style=\"text-align: left;\"><strong>R\u00e9gime de TVA applicable aux ventes effectu\u00e9es au cours du salon<\/strong><\/p>\n<p>Les ventes aux particuliers doivent \u00eatre factur\u00e9es avec TVA fran\u00e7aise.\u00a0Les ventes effectu\u00e9es par un exposant \u00e9tabli hors de France \u00e0 des soci\u00e9t\u00e9s immatricul\u00e9es \u00e0 la TVA en France doivent \u00eatre factur\u00e9es sans TVA, car il appartient \u00e0 ces derni\u00e8res d\u2019auto-liquider la taxe.<\/p>\n<h5 style=\"margin-top: 50px;\"><span style=\"color: #999999;\"><strong>Devez-vous \u00eatre immatricul\u00e9 \u00e0 la TVA\u00a0?<\/strong><\/span><\/h5>\n<p style=\"text-align: left;\"><hr class=\"\" style=\"width:5%;margin-left:0;\">\n<p style=\"text-align: left;\">Votre soci\u00e9t\u00e9 est tenue de s&rsquo;identifier \u00e0 la TVA en France lorsqu&rsquo;elle participe \u00e0 des salons en France au cours desquels elle effectue des ventes \u00e0 des particuliers. Elle doit en outre d\u00e9signer un repr\u00e9sentant fiscal si elle est \u00e9tablie dans un pays hors de l\u2019Union Europ\u00e9enne n\u2019ayant pas conclu d\u2019accord d\u2019assistance administrative avec la France.<\/p>\n<p style=\"text-align: left;\">\n<\/div><\/div>\n                            \r\n        <\/section><!-- .gravity-section -->\r\n                    <div class=\"container\">\r\n                \r\n    \n<h4 style=\"text-align: left;\"><\/h4>\n<h4 style=\"margin-top: 50px;\">QUE POUVONS-NOUS <span style=\"color: #850911;\">FAIRE POUR VOUS ?<\/span><\/h4>\n<hr class=\"\" style=\"width:5%;margin-left:0;\">\n<div class=\"row  \"><div class=\"col-sm-6 col-lg-6 col-md-6 \">\n<p><span style=\"color: #800000;\"><strong>EVALUER VOS OBLIGATIONS<\/strong><\/span>\u00a0en mati\u00e8re de TVA r\u00e9sultant des op\u00e9rations que vous r\u00e9alisez en France.<\/p>\n<p><strong><span style=\"color: #800000;\">DEMANDER<\/span>\u00a0<span style=\"color: #800000;\">UN NUMERO DE<\/span><\/strong><span style=\"color: #800000;\">\u00a0<strong>TVA<\/strong><\/span> en France,<\/p>\n<a href=\"\/nos-services\/demande-dimmatriculation-a-tva-france\/\" class=\"btn btn-theme btn-small\">En savoir plus<\/a>\n<p>&nbsp;<\/p>\n<p><strong><span style=\"color: #800000;\">FOURNIR<\/span>\u00a0<span style=\"color: #800000;\">UN MODELE<\/span><\/strong><span style=\"color: #800000;\">\u00a0<span style=\"color: #333333;\">d<\/span><\/span>e questionnaire pour la collecte des informations pertinentes aux fins des d\u00e9clarations de TVA p\u00e9riodiques.<\/p>\n<p><span style=\"color: #800000;\"><strong>EXAMINER<\/strong><\/span>\u00a0<strong><span style=\"color: #800000;\">LES FACTURES<\/span> <\/strong>de vente et factures d&rsquo;achat \u00e0 l&rsquo;appui des op\u00e9rations.<\/p>\n<p><strong><span style=\"color: #800000;\">COMMUNIQUER<\/span>\u00a0<span style=\"color: #800000;\">LES ERREURS<\/span>\u00a0<\/strong>identifi\u00e9es, et conseiller sur la fa\u00e7on de rem\u00e9dier aux probl\u00e8mes potentiels.<\/p>\n<p><strong><span style=\"color: #800000;\">ASSURER<\/span>\u00a0<span style=\"color: #800000;\">LA LIAISON<\/span><\/strong>\u00a0avec les fournisseurs et les transitaires pour suivre les actions de correction.<\/p>\n<p><span style=\"color: #800000;\"><strong>ETABLIR<\/strong><\/span>\u00a0<span style=\"color: #800000;\"><strong>LES DECLARATIONS DE TVA<\/strong><\/span><\/p>\n<a href=\"\/nos-services\/declarations-de-tva\/\" class=\"btn btn-theme btn-small\">En savoir plus<\/a>\n<p>&nbsp;<\/p>\n<\/div>\n<div class=\"col-sm-6 col-lg-6 col-md-6 \">\n<p><span style=\"color: #800000;\"><strong>SUIVRE<\/strong><\/span>\u00a0<span style=\"color: #800000;\"><strong>TOUT PAIEMENT<\/strong><\/span> de la TVA due ou \u00e0 recevoir par vous.<\/p>\n<p><span style=\"color: #333333;\">Pr\u00e9parer et d\u00e9poser les\u00a0<span style=\"color: #800000;\"><strong>DEMANDES DE REMBOURSEMENT DE LA TVA<\/strong> <\/span><\/span>sur les d\u00e9penses professionnelles de biens et services.<\/p>\n<a href=\"\/nos-services\/demandes-de-remboursement-de-tva\/\" class=\"btn btn-theme btn-small\">En savoir plus<\/a>\n<p><em>\u00a0<\/em><\/p>\n<p><span style=\"color: #800000;\"><strong>AGIR COMME REPRESENTANT FISCAL<\/strong><\/span>\u00a0pour les soci\u00e9t\u00e9s \u00e9tablies dans un pays hors de l\u2019Union Europ\u00e9enne n\u2019ayant pas conclu avec la France de convention d\u2019assistance administrative.<\/p>\n<a href=\"\/nos-services\/representation-fiscale\/\" class=\"btn btn-theme btn-small\">En savoir plus<\/a>\n<p>&nbsp;<\/p>\n<p><span style=\"color: #333333;\"><span style=\"color: #800000;\"><span style=\"color: #333333;\">Aide<\/span>\u00a0<\/span>\u00e0 la <span style=\"color: #800000;\"><strong>REDACTION DES REPONSES AUX DEMANDES D&rsquo;INFORMATIONS DES AUTORITES FISCALES<\/strong><\/span>, pr\u00e9sence lors des contr\u00f4les fiscaux, liaison avec les avocats \u00e0 l&rsquo;occasion de<\/span> litiges fiscaux, etc.<\/p>\n<p><strong><span style=\"color: #800000;\">VEILLE\u00a0REGLEMENTAIRE<\/span><\/strong>\u00a0et examen des incidences sur vos obligations d\u00e9claratives.<\/p>\n<p><strong><span style=\"color: #800000;\">CONSEIL<\/span>\u00a0<\/strong>ou service administratif (r\u00e9daction des factures, taux de TVA applicable, etc).<\/p>\n<p>&nbsp;<\/p>\n<\/div><\/div>\n<p>&nbsp;<\/p>\n<p style=\"text-align: center;\"><strong>N\u2019h\u00e9sitez pas \u00e0 nous contacter pour toute assistance ou toute question\u00a0!<\/strong><\/p>\n<p style=\"text-align: center; margin-bottom: 50px;\"><a href=\"\/contact\/\" class=\"btn btn-theme btn-small\">Contactez-nous<\/a>\n<p style=\"text-align: center;\"><div style=\"height: 40px\"><\/div>\n                    <\/div>\r\n            \r\n        <section class=\"gravity-section\" style=\"height:autopx;\">\r\n                                <div class=\"gravity-section-background\"  style=\"background-color: #dd9933;\">\r\n                    <\/div>\r\n            \r\n    <div class=\"gravity-section-content\"><div class=\"google-map\" data-lat=\"48.8802626\" data-lng=\"2.2773509\" data-zoom=\"15\" data-title=\"localisation\" data-height=\"300\" data-color=\"\" data-saturation=\"-100\"><\/div>\n<\/div>\n                            \r\n        <\/section><!-- .gravity-section -->\r\n                    <div class=\"container\">\r\n                \r\n    <\/p>","protected":false},"excerpt":{"rendered":"<p>QUE POUVONS-NOUS FAIRE POUR VOUS ? &nbsp; N\u2019h\u00e9sitez pas \u00e0 nous contacter pour toute assistance ou toute question\u00a0!<\/p>\n","protected":false},"author":1,"featured_media":0,"parent":169,"menu_order":0,"comment_status":"closed","ping_status":"closed","template":"","meta":{"footnotes":""},"class_list":["post-346","page","type-page","status-publish","hentry"],"_links":{"self":[{"href":"https:\/\/www.lrf.fr\/fr\/wp-json\/wp\/v2\/pages\/346","targetHints":{"allow":["GET"]}}],"collection":[{"href":"https:\/\/www.lrf.fr\/fr\/wp-json\/wp\/v2\/pages"}],"about":[{"href":"https:\/\/www.lrf.fr\/fr\/wp-json\/wp\/v2\/types\/page"}],"author":[{"embeddable":true,"href":"https:\/\/www.lrf.fr\/fr\/wp-json\/wp\/v2\/users\/1"}],"replies":[{"embeddable":true,"href":"https:\/\/www.lrf.fr\/fr\/wp-json\/wp\/v2\/comments?post=346"}],"version-history":[{"count":47,"href":"https:\/\/www.lrf.fr\/fr\/wp-json\/wp\/v2\/pages\/346\/revisions"}],"predecessor-version":[{"id":2739,"href":"https:\/\/www.lrf.fr\/fr\/wp-json\/wp\/v2\/pages\/346\/revisions\/2739"}],"up":[{"embeddable":true,"href":"https:\/\/www.lrf.fr\/fr\/wp-json\/wp\/v2\/pages\/169"}],"wp:attachment":[{"href":"https:\/\/www.lrf.fr\/fr\/wp-json\/wp\/v2\/media?parent=346"}],"curies":[{"name":"wp","href":"https:\/\/api.w.org\/{rel}","templated":true}]}}

Participation à des salons et conférences en France

<p><meta name="description" content="PARTICIPATION À DES SALONS ET CONFÉRENCES EN FRANCE. VOUS ÊTES EXPOSANT SUR UN SALON EN FRANCE"><br />
                    </div>
            
        <section class="gravity-section" style="height:autopx;">
                                <div class="gravity-section-background"  style="background-color: #dd9933;">
                    </div>
            
    <div class="gravity-section-content"><p><img loading="lazy" decoding="async" class="aligncenter wp-image-116" src="http://www.lrf.fr/wp-content/uploads/2016/08/Participation-a-une-conference-en-fr_Act.jpg" alt="Participation a une conference en fr_Act" width="1200" height="433" srcset="https://www.lrf.fr/wp-content/uploads/2016/08/Participation-a-une-conference-en-fr_Act.jpg 1029w, https://www.lrf.fr/wp-content/uploads/2016/08/Participation-a-une-conference-en-fr_Act-300x108.jpg 300w, https://www.lrf.fr/wp-content/uploads/2016/08/Participation-a-une-conference-en-fr_Act-768x277.jpg 768w" sizes="auto, (max-width: 1200px) 100vw, 1200px" /></p>
</div>
                            
        </section><!-- .gravity-section -->
                    <div class="container">
                
    
                    </div>
            
        <section class="gravity-section" style="padding-top:70px;padding-bottom:20px;">
                                <div class="gravity-section-background" data-stellar-ratio="0.5" style="background-image: url(http://www.lrf.fr/wp-content/uploads/2016/08/livre-lunette.png);background-color: #ffffff;">
                    </div>
            
    <div class="gravity-section-content"><div class="container"><h4 style="text-align: left;"><strong>Vous êtes exposant sur un salon en France</strong></h4>
<p>&nbsp;</p>
<h5 style="text-align: left;"><span style="color: #999999;"><strong>pouvez-vous obtenir le remboursement de la TVA facturee sur les depenses engagees en France pour la participation au saloN ?</strong></span></h5>
<hr class="" style="width:5%;margin-left:0;">
<p style="text-align: left;"><strong>Dépenses pour lesquelles la TVA est récupérable :</strong></p>
<ul>
<li style="text-align: left;">Location du stand,</li>
<li style="text-align: left;">Importations de biens,</li>
<li style="text-align: left;">Parkings, gardiennage-sécurité,</li>
<li style="text-align: left;">Frais d’hébergement des invités (mais pas du personnel),</li>
<li style="text-align: left;">Frais de repas d’affaires pour les invités et le personnel.</li>
</ul>
<p style="text-align: left;">Certaines dépenses sont exclues par nature du droit à déduction, même si elles ont un caractère professionnel :</p>
<ul>
<li style="text-align: left;">Frais de transport de personnes, de location de voiture,</li>
<li style="text-align: left;">Frais d’hébergement du personnel et frais de nourriture s’ils ne sont pas en rapport avec un repas d’affaires.</li>
</ul>
<p style="text-align: left;">Votre société peut :</p>
<ul>
<li style="text-align: left;">Soit demander le remboursement de la TVA si elle n&rsquo;est pas tenue d&rsquo;être immatriculée à la TVA en France,</li>
</ul>
<p style="text-align: left;"><a href="/nos-services/demandes-de-remboursement-de-tva/" class="btn btn-mediumgrey btn-small">En savoir plus</a>
<ul>
<li style="text-align: left;">Soit, si elle est immatriculée à la TVA en France, déduire la TVA sur ses achats de la TVA collectée sur ses ventes ou demander le remboursement du solde créditeur de TVA.</li>
</ul>
<p style="text-align: left;"><a href="/nos-services/demande-dimmatriculation-a-tva-france/" class="btn btn-mediumgrey btn-small">En savoir plus</a>
<h6></h6>
<h5></h5>
<h5 style="margin-top: 50px;"><span style="color: #999999;"><strong>Devez-vous facturer avec TVA les ventes que vous effectuez au cours du salon ?</strong></span></h5>
<hr class="" style="width:5%;margin-left:0;">
<p style="text-align: left;"><strong>Régime de TVA applicable aux ventes effectuées au cours du salon</strong></p>
<p>Les ventes aux particuliers doivent être facturées avec TVA française. Les ventes effectuées par un exposant établi hors de France à des sociétés immatriculées à la TVA en France doivent être facturées sans TVA, car il appartient à ces dernières d’auto-liquider la taxe.</p>
<h5 style="margin-top: 50px;"><span style="color: #999999;"><strong>Devez-vous être immatriculé à la TVA ?</strong></span></h5>
<p style="text-align: left;"><hr class="" style="width:5%;margin-left:0;">
<p style="text-align: left;">Votre société est tenue de s&rsquo;identifier à la TVA en France lorsqu&rsquo;elle participe à des salons en France au cours desquels elle effectue des ventes à des particuliers. Elle doit en outre désigner un représentant fiscal si elle est établie dans un pays hors de l’Union Européenne n’ayant pas conclu d’accord d’assistance administrative avec la France.</p>
<p style="text-align: left;">
</div></div>
                            
        </section><!-- .gravity-section -->
                    <div class="container">
                
    
<h4 style="text-align: left;"></h4>
<h4 style="margin-top: 50px;">QUE POUVONS-NOUS <span style="color: #850911;">FAIRE POUR VOUS ?</span></h4>
<hr class="" style="width:5%;margin-left:0;">
<div class="row  "><div class="col-sm-6 col-lg-6 col-md-6 ">
<p><span style="color: #800000;"><strong>EVALUER VOS OBLIGATIONS</strong></span> en matière de TVA résultant des opérations que vous réalisez en France.</p>
<p><strong><span style="color: #800000;">DEMANDER</span> <span style="color: #800000;">UN NUMERO DE</span></strong><span style="color: #800000;"> <strong>TVA</strong></span> en France,</p>
<a href="/nos-services/demande-dimmatriculation-a-tva-france/" class="btn btn-theme btn-small">En savoir plus</a>
<p>&nbsp;</p>
<p><strong><span style="color: #800000;">FOURNIR</span> <span style="color: #800000;">UN MODELE</span></strong><span style="color: #800000;"> <span style="color: #333333;">d</span></span>e questionnaire pour la collecte des informations pertinentes aux fins des déclarations de TVA périodiques.</p>
<p><span style="color: #800000;"><strong>EXAMINER</strong></span> <strong><span style="color: #800000;">LES FACTURES</span> </strong>de vente et factures d&rsquo;achat à l&rsquo;appui des opérations.</p>
<p><strong><span style="color: #800000;">COMMUNIQUER</span> <span style="color: #800000;">LES ERREURS</span> </strong>identifiées, et conseiller sur la façon de remédier aux problèmes potentiels.</p>
<p><strong><span style="color: #800000;">ASSURER</span> <span style="color: #800000;">LA LIAISON</span></strong> avec les fournisseurs et les transitaires pour suivre les actions de correction.</p>
<p><span style="color: #800000;"><strong>ETABLIR</strong></span> <span style="color: #800000;"><strong>LES DECLARATIONS DE TVA</strong></span></p>
<a href="/nos-services/declarations-de-tva/" class="btn btn-theme btn-small">En savoir plus</a>
<p>&nbsp;</p>
</div>
<div class="col-sm-6 col-lg-6 col-md-6 ">
<p><span style="color: #800000;"><strong>SUIVRE</strong></span> <span style="color: #800000;"><strong>TOUT PAIEMENT</strong></span> de la TVA due ou à recevoir par vous.</p>
<p><span style="color: #333333;">Préparer et déposer les <span style="color: #800000;"><strong>DEMANDES DE REMBOURSEMENT DE LA TVA</strong> </span></span>sur les dépenses professionnelles de biens et services.</p>
<a href="/nos-services/demandes-de-remboursement-de-tva/" class="btn btn-theme btn-small">En savoir plus</a>
<p><em> </em></p>
<p><span style="color: #800000;"><strong>AGIR COMME REPRESENTANT FISCAL</strong></span> pour les sociétés établies dans un pays hors de l’Union Européenne n’ayant pas conclu avec la France de convention d’assistance administrative.</p>
<a href="/nos-services/representation-fiscale/" class="btn btn-theme btn-small">En savoir plus</a>
<p>&nbsp;</p>
<p><span style="color: #333333;"><span style="color: #800000;"><span style="color: #333333;">Aide</span> </span>à la <span style="color: #800000;"><strong>REDACTION DES REPONSES AUX DEMANDES D&rsquo;INFORMATIONS DES AUTORITES FISCALES</strong></span>, présence lors des contrôles fiscaux, liaison avec les avocats à l&rsquo;occasion de</span> litiges fiscaux, etc.</p>
<p><strong><span style="color: #800000;">VEILLE REGLEMENTAIRE</span></strong> et examen des incidences sur vos obligations déclaratives.</p>
<p><strong><span style="color: #800000;">CONSEIL</span> </strong>ou service administratif (rédaction des factures, taux de TVA applicable, etc).</p>
<p>&nbsp;</p>
</div></div>
<p>&nbsp;</p>
<p style="text-align: center;"><strong>N’hésitez pas à nous contacter pour toute assistance ou toute question !</strong></p>
<p style="text-align: center; margin-bottom: 50px;"><a href="/contact/" class="btn btn-theme btn-small">Contactez-nous</a>
<p style="text-align: center;"><div style="height: 40px"></div>
                    </div>
            
        <section class="gravity-section" style="height:autopx;">
                                <div class="gravity-section-background"  style="background-color: #dd9933;">
                    </div>
            
    <div class="gravity-section-content"><div class="google-map" data-lat="48.8802626" data-lng="2.2773509" data-zoom="15" data-title="localisation" data-height="300" data-color="" data-saturation="-100"></div>
</div>
                            
        </section><!-- .gravity-section -->
                    <div class="container">
                
    </p>

<p>QUE POUVONS-NOUS FAIRE POUR VOUS ? &nbsp; N’hésitez pas à nous contacter pour toute assistance ou toute question !</p>
